{"id":145,"date":"2024-10-28T11:43:41","date_gmt":"2024-10-28T10:43:41","guid":{"rendered":"https:\/\/www.berndis.com\/hundefotografie\/?page_id=145"},"modified":"2026-04-01T12:58:27","modified_gmt":"2026-04-01T10:58:27","slug":"index-html","status":"publish","type":"page","link":"https:\/\/www.berndis.com\/hundefotografie\/","title":{"rendered":"Home"},"content":{"rendered":"<p>[et_pb_section fb_built=&#8220;1&#8243; fullwidth=&#8220;on&#8220; _builder_version=&#8220;4.27.2&#8243; _module_preset=&#8220;default&#8220; global_colors_info=&#8220;{}&#8220;][et_pb_fullwidth_image src=&#8220;https:\/\/www.berndis.com\/hundefotografie\/wp-content\/uploads\/2024\/10\/2010_01_05action2491_Merlin_1500px.jpg&#8220; alt=&#8220;Hundefotografie&#8220; title_text=&#8220;Australian Sheperd Merlin&#8220; _builder_version=&#8220;4.27.2&#8243; _module_preset=&#8220;default&#8220; global_colors_info=&#8220;{}&#8220;][\/et_pb_fullwidth_image][\/et_pb_section][et_pb_section fb_built=&#8220;1&#8243; _builder_version=&#8220;4.27.2&#8243; _module_preset=&#8220;default&#8220; min_height=&#8220;654.3px&#8220; custom_margin=&#8220;||1px|||&#8220; global_colors_info=&#8220;{}&#8220;][et_pb_row column_structure=&#8220;2_5,3_5&#8243; _builder_version=&#8220;4.27.2&#8243; _module_preset=&#8220;default&#8220; global_colors_info=&#8220;{}&#8220;][et_pb_column type=&#8220;2_5&#8243; _builder_version=&#8220;4.27.2&#8243; _module_preset=&#8220;default&#8220; global_colors_info=&#8220;{}&#8220;][et_pb_image src=&#8220;https:\/\/www.berndis.com\/hundefotografie\/wp-content\/uploads\/2024\/12\/MG_4857_Bernd_Magic_Profilfoto.jpg&#8220; alt=&#8220;Hundeshooting in Asturias&#8220; title_text=&#8220;_MG_4857_Bernd_Magic_Profilfoto&#8220; _builder_version=&#8220;4.27.4&#8243; _module_preset=&#8220;default&#8220; border_width_all=&#8220;1px&#8220; border_color_all=&#8220;#000000&#8243; box_shadow_style=&#8220;preset1&#8243; global_colors_info=&#8220;{}&#8220;][\/et_pb_image][\/et_pb_column][et_pb_column type=&#8220;3_5&#8243; _builder_version=&#8220;4.27.2&#8243; _module_preset=&#8220;default&#8220; global_colors_info=&#8220;{}&#8220;][et_pb_heading title=&#8220;Hundefotografie &#8211; Fotos von Deinem Hund&#8220; _builder_version=&#8220;4.27.2&#8243; _module_preset=&#8220;default&#8220; title_level=&#8220;h2&#8243; title_font=&#8220;ABeeZee||||||||&#8220; title_font_size=&#8220;38px&#8220; global_colors_info=&#8220;{}&#8220;][\/et_pb_heading][et_pb_text _builder_version=&#8220;4.27.2&#8243; _module_preset=&#8220;default&#8220; text_font_size=&#8220;18px&#8220; global_colors_info=&#8220;{}&#8220;]<\/p>\n<p>Warum Fotos von Deinem Hund? Weil es ganz einfach unvergessliche Momente sind!<\/p>\n<p>Mich haben in 34 Jahren insgesamt 6 Hunde direkt begleitet. Manche waren viel l\u00e4nger da als erwartet, wie z.B. &#8222;Ivanhoe&#8220;, ein Irish Wolfhound, der 11,5 Jahre alt wurde &#8211; Respekt!! Auf der anderen Seite hat mich mein Mini Australian Sheperd &#8222;Scotty&#8220; bereits mit knapp 4 Jahren wg. Darmkrebs verlassen m\u00fcssen&#8230;.\u00a0 Das hat weh getan aber ich habe sch\u00f6ne Fotos, die mich an meine geliebten Freunde erinnern.<\/p>\n<p>Und selbst wenn alles toll l\u00e4uft &#8211; die gemeinsame Zeit ist begrenzt und deshalb sind Fotos als Erinnerung daran so wertvoll.<\/p>\n<p>Lass uns mit Deiner Fellnase Momente erschaffen, die Dich erfreuen und die Du Dir gerne anschaust und zwar bereits heute und nicht erst irgendwann&#8230;<\/p>\n<p>Du kannst mich gerne \u00fcber das Kontaktformular anschreiben.<\/p>\n<p>[\/et_pb_text][et_pb_button button_url=&#8220;https:\/\/www.berndis.com\/hundefotografie\/hunde-fotoshooting-buchen\/&#8220; button_text=&#8220;Kontakt&#8220; button_alignment=&#8220;center&#8220; _builder_version=&#8220;4.27.4&#8243; _module_preset=&#8220;default&#8220; custom_button=&#8220;on&#8220; button_text_color=&#8220;#000000&#8243; button_icon=&#8220;&#x6c;||divi||400&#8243; background_layout=&#8220;dark&#8220; global_colors_info=&#8220;{}&#8220;][\/et_pb_button][\/et_pb_column][\/et_pb_row][\/et_pb_section][et_pb_section fb_built=&#8220;1&#8243; admin_label=&#8220;Projects&#8220; _builder_version=&#8220;4.20.0&#8243; _module_preset=&#8220;default&#8220; custom_padding=&#8220;17px|||||&#8220; collapsed=&#8220;on&#8220; global_colors_info=&#8220;{}&#8220;][et_pb_row _builder_version=&#8220;4.20.0&#8243; _module_preset=&#8220;default&#8220; global_colors_info=&#8220;{}&#8220;][et_pb_column type=&#8220;4_4&#8243; _builder_version=&#8220;4.20.0&#8243; _module_preset=&#8220;default&#8220; global_colors_info=&#8220;{}&#8220;][et_pb_text _builder_version=&#8220;4.27.2&#8243; _module_preset=&#8220;3db9728b-0805-45db-8f90-76bf41328daf&#8220; header_2_font=&#8220;ABeeZee|||on|||||&#8220; text_orientation=&#8220;center&#8220; global_colors_info=&#8220;{}&#8220;]<\/p>\n<h2><span style=\"font-size: xx-large;\">Bildergalerie hundefotos<\/span><\/h2>\n<p>[\/et_pb_text][\/et_pb_column][\/et_pb_row][et_pb_row column_structure=&#8220;1_2,1_2&#8243; _builder_version=&#8220;4.20.0&#8243; _module_preset=&#8220;default&#8220; global_colors_info=&#8220;{}&#8220;][et_pb_column type=&#8220;1_2&#8243; _builder_version=&#8220;4.20.0&#8243; _module_preset=&#8220;default&#8220; custom_padding_tablet=&#8220;||30px||false|false&#8220; custom_padding_phone=&#8220;||30px||false|false&#8220; custom_padding_last_edited=&#8220;on|tablet&#8220; global_colors_info=&#8220;{}&#8220;][et_pb_image src=&#8220;https:\/\/www.berndis.com\/hundefotografie\/wp-content\/uploads\/2024\/10\/69EE3637_peggy_800X700px.jpg&#8220; alt=&#8220;Labrador Kratos&#8220; title_text=&#8220;69EE3637_peggy_800X700px&#8220; show_in_lightbox=&#8220;on&#8220; use_overlay=&#8220;on&#8220; overlay_icon_color=&#8220;#000000&#8243; hover_overlay_color=&#8220;RGBA(255,255,255,0)&#8220; hover_icon=&#8220;&#xf00e;||fa||900&#8243; align=&#8220;center&#8220; _builder_version=&#8220;4.27.2&#8243; _module_preset=&#8220;default&#8220; background_color=&#8220;rgba(0,0,0,0.04)&#8220; global_colors_info=&#8220;{}&#8220; transform_styles__hover_enabled=&#8220;on|hover&#8220; transform_scale__hover=&#8220;90%|90%&#8220; transform_scale__hover_enabled=&#8220;on|hover&#8220; transform_translate__hover_enabled=&#8220;on|desktop&#8220; transform_rotate__hover_enabled=&#8220;on|desktop&#8220; transform_skew__hover_enabled=&#8220;on|desktop&#8220; transform_origin__hover_enabled=&#8220;on|desktop&#8220; box_shadow_spread__hover=&#8220;30px&#8220; box_shadow_spread__hover_enabled=&#8220;on|desktop&#8220;][\/et_pb_image][et_pb_text _builder_version=&#8220;4.27.2&#8243; _module_preset=&#8220;a407421d-3fee-46b5-a29a-abf252b16480&#8243; text_font=&#8220;ABeeZee||||||||&#8220; text_font_size=&#8220;29px&#8220; header_3_font=&#8220;ABeeZee||||||||&#8220; header_3_font_size=&#8220;38px&#8220; custom_margin=&#8220;||10px||false|false&#8220; custom_padding=&#8220;2px|||||&#8220; global_colors_info=&#8220;{}&#8220;]<\/p>\n<h3><span style=\"font-size: xx-large;\">Actionfotos<\/span><\/h3>\n<p>[\/et_pb_text][et_pb_text _builder_version=&#8220;4.27.2&#8243; _module_preset=&#8220;618aa149-ab79-42d6-8284-35bd42fe7ae0&#8243; global_colors_info=&#8220;{}&#8220;]<\/p>\n<p>Hier seht Ihr Peggy, eine Tricolor Border Collie H\u00fcndin und wie Border Collies nun mal so sind, hat sie sich riesig gefreut, dass Action angesagt war&#8230;\u00a0 Allerdings sollte man es nicht \u00fcbertreiben &#8211; der Border rennt auch noch, wenn die Zunge einen halben Meter raush\u00e4ngt&#8230;<\/p>\n<p>[\/et_pb_text][et_pb_button button_url=&#8220;https:\/\/www.berndis.com\/hundefotografie\/bildergalerie\/&#8220; button_text=&#8220;mehr Actionfotos&#8230;&#8220; _builder_version=&#8220;4.27.2&#8243; _module_preset=&#8220;default&#8220; custom_button=&#8220;on&#8220; button_text_size=&#8220;20px&#8220; button_text_color=&#8220;#FFFFFF&#8220; button_bg_color=&#8220;rgba(28,28,28,0.66)&#8220; global_colors_info=&#8220;{}&#8220;][\/et_pb_button][\/et_pb_column][et_pb_column type=&#8220;1_2&#8243; _builder_version=&#8220;4.20.0&#8243; _module_preset=&#8220;default&#8220; global_colors_info=&#8220;{}&#8220;][et_pb_image src=&#8220;https:\/\/www.berndis.com\/hundefotografie\/wp-content\/uploads\/2024\/10\/MGL9288_Kratos_800X700px-korr.jpg&#8220; alt=&#8220;Labrador Kratos&#8220; title_text=&#8220;_MGL9288_Kratos_800X700px-korr&#8220; show_in_lightbox=&#8220;on&#8220; use_overlay=&#8220;on&#8220; overlay_icon_color=&#8220;#000000&#8243; hover_overlay_color=&#8220;RGBA(255,255,255,0)&#8220; hover_icon=&#8220;&#xf00e;||fa||900&#8243; _builder_version=&#8220;4.27.2&#8243; _module_preset=&#8220;default&#8220; background_color=&#8220;rgba(0,0,0,0.04)&#8220; box_shadow_style=&#8220;preset4&#8243; box_shadow_color=&#8220;rgba(0,0,0,0.05)&#8220; global_colors_info=&#8220;{}&#8220; transform_styles__hover_enabled=&#8220;on|hover&#8220; transform_scale__hover=&#8220;90%|90%&#8220; transform_scale__hover_enabled=&#8220;on|hover&#8220; transform_translate__hover_enabled=&#8220;on|desktop&#8220; transform_rotate__hover_enabled=&#8220;on|desktop&#8220; transform_skew__hover_enabled=&#8220;on|desktop&#8220; transform_origin__hover_enabled=&#8220;on|desktop&#8220; box_shadow_spread__hover=&#8220;30px&#8220; box_shadow_spread__hover_enabled=&#8220;on|desktop&#8220;][\/et_pb_image][et_pb_text _builder_version=&#8220;4.27.2&#8243; _module_preset=&#8220;a407421d-3fee-46b5-a29a-abf252b16480&#8243; text_font=&#8220;ABeeZee||||||||&#8220; header_3_font=&#8220;ABeeZee||||||||&#8220; header_3_font_size=&#8220;38px&#8220; custom_margin=&#8220;||10px||false|false&#8220; global_colors_info=&#8220;{}&#8220;]<\/p>\n<h3><span style=\"font-size: xx-large;\">Portraitfotos<\/span><\/h3>\n<p>[\/et_pb_text][et_pb_text _builder_version=&#8220;4.27.2&#8243; _module_preset=&#8220;618aa149-ab79-42d6-8284-35bd42fe7ae0&#8243; global_colors_info=&#8220;{}&#8220;]<\/p>\n<p>Das ist Kratos, ein ganz toller Labrador R\u00fcde aus dem Tierheim Limburg. Ich habe einige kostenlose Fotoshootings im Tierheim gemacht um so die Vermittlung etwas zu unterst\u00fctzen und so habe ich auch meinen Traumkater Snow gefunden&#8230;.\u00a0 Kann das Tierheim Limburg nur empfehlen.<\/p>\n<p>[\/et_pb_text][et_pb_button button_url=&#8220;https:\/\/www.berndis.com\/hundefotografie\/bildergalerie\/&#8220; button_text=&#8220;mehr Portraitfotos&#8230;&#8220; _builder_version=&#8220;4.27.2&#8243; _module_preset=&#8220;default&#8220; custom_button=&#8220;on&#8220; button_text_color=&#8220;#FFFFFF&#8220; button_bg_color=&#8220;rgba(7,7,7,0.59)&#8220; global_colors_info=&#8220;{}&#8220;][\/et_pb_button][\/et_pb_column][\/et_pb_row][\/et_pb_section][et_pb_section fb_built=&#8220;1&#8243; admin_label=&#8220;Services&#8220; _builder_version=&#8220;4.27.2&#8243; _module_preset=&#8220;default&#8220; background_color=&#8220;rgba(142,142,142,0.15)&#8220; top_divider_color=&#8220;#FFFFFF&#8220; collapsed=&#8220;on&#8220; global_colors_info=&#8220;{}&#8220;][et_pb_row _builder_version=&#8220;4.27.2&#8243; _module_preset=&#8220;default&#8220; global_colors_info=&#8220;{}&#8220;][et_pb_column type=&#8220;4_4&#8243; _builder_version=&#8220;4.27.2&#8243; _module_preset=&#8220;default&#8220; global_colors_info=&#8220;{}&#8220;][et_pb_icon font_icon=&#8220;&#xe00f;||divi||400&#8243; icon_color=&#8220;#000000&#8243; icon_width=&#8220;56px&#8220; _builder_version=&#8220;4.27.2&#8243; _module_preset=&#8220;default&#8220; global_colors_info=&#8220;{}&#8220;][\/et_pb_icon][et_pb_post_slider include_categories=&#8220;all&#8220; more_text=&#8220;Zum Beitrag&#8220; use_bg_overlay=&#8220;off&#8220; use_text_overlay=&#8220;on&#8220; text_overlay_color=&#8220;rgba(135,135,135,0.4)&#8220; _builder_version=&#8220;4.27.2&#8243; _module_preset=&#8220;default&#8220; box_shadow_style=&#8220;preset1&#8243; global_colors_info=&#8220;{}&#8220;][\/et_pb_post_slider][\/et_pb_column][\/et_pb_row][et_pb_row column_structure=&#8220;1_3,1_3,1_3&#8243; custom_padding_last_edited=&#8220;on|tablet&#8220; _builder_version=&#8220;4.27.2&#8243; _module_preset=&#8220;default&#8220; custom_padding_tablet=&#8220;||0px||false|false&#8220; custom_padding_phone=&#8220;||0px||false|false&#8220; saved_tabs=&#8220;all&#8220; global_colors_info=&#8220;{}&#8220;][et_pb_column type=&#8220;1_3&#8243; _builder_version=&#8220;4.20.0&#8243; _module_preset=&#8220;default&#8220; background_color=&#8220;RGBA(255,255,255,0)&#8220; link_option_url=&#8220;#&#8220; box_shadow_style=&#8220;preset4&#8243; box_shadow_horizontal=&#8220;0px&#8220; box_shadow_vertical=&#8220;0px&#8220; box_shadow_color=&#8220;#F9F9F9&#8243; global_colors_info=&#8220;{}&#8220; background__hover_enabled=&#8220;on|desktop&#8220; box_shadow_spread__hover_enabled=&#8220;on|hover&#8220; box_shadow_spread__hover=&#8220;20px&#8220; background_color__hover=&#8220;#F9F9F9&#8243; background_enable_color__hover=&#8220;on&#8220;][et_pb_image src=&#8220;https:\/\/www.berndis.com\/hundefotografie\/wp-content\/uploads\/2024\/10\/photographer-icon-06.png&#8220; title_text=&#8220;photographer-icon-06&#8243; _builder_version=&#8220;4.20.0&#8243; _module_preset=&#8220;default&#8220; global_colors_info=&#8220;{}&#8220;][\/et_pb_image][et_pb_text _builder_version=&#8220;4.27.2&#8243; _module_preset=&#8220;90281459-083d-408a-ae7e-f5a89504498b&#8220; header_font=&#8220;ABeeZee||||||||&#8220; header_2_font=&#8220;ABeeZee||||||||&#8220; header_2_font_size=&#8220;38px&#8220; custom_margin=&#8220;||10px||false|false&#8220; custom_padding=&#8220;0px|||||&#8220; global_colors_info=&#8220;{}&#8220;]<\/p>\n<h2>Action<\/h2>\n<p>[\/et_pb_text][et_pb_text _builder_version=&#8220;4.27.2&#8243; _module_preset=&#8220;618aa149-ab79-42d6-8284-35bd42fe7ae0&#8243; global_colors_info=&#8220;{}&#8220;]<\/p>\n<p>Hunde in Aktion &#8211; das macht mir ehrlich gesagt am meisten Spass bei der Hundefotografie, ist jedoch auch oft eine Herausforderung. Vermutlich reizt es mich gerade deshalb&#8230;\u00a0<\/p>\n<p>Der Hund l\u00e4uft nicht immer in die Richtung, mit dem Abstand und der K\u00f6rperhaltung wie man es sich f\u00fcr das &#8222;perfekte&#8220; Foto w\u00fcnscht. Oft ist Geduld gefragt und m\u00f6glicherweise auch ein paar Tricks.<\/p>\n<p>[\/et_pb_text][\/et_pb_column][et_pb_column type=&#8220;1_3&#8243; _builder_version=&#8220;4.20.0&#8243; _module_preset=&#8220;default&#8220; background_color=&#8220;RGBA(255,255,255,0)&#8220; link_option_url=&#8220;#&#8220; box_shadow_style=&#8220;preset4&#8243; box_shadow_horizontal=&#8220;0px&#8220; box_shadow_vertical=&#8220;0px&#8220; box_shadow_color=&#8220;#F9F9F9&#8243; global_colors_info=&#8220;{}&#8220; background__hover_enabled=&#8220;on|hover&#8220; box_shadow_spread__hover=&#8220;20px&#8220; box_shadow_spread__hover_enabled=&#8220;on|hover&#8220; background_color__hover=&#8220;#F9F9F9&#8243; background_enable_color__hover=&#8220;on&#8220;][et_pb_image src=&#8220;https:\/\/www.berndis.com\/hundefotografie\/wp-content\/uploads\/2024\/10\/photographer-icon-02.png&#8220; title_text=&#8220;photographer-icon-02&#8243; _builder_version=&#8220;4.27.2&#8243; _module_preset=&#8220;default&#8220; global_colors_info=&#8220;{}&#8220;][\/et_pb_image][et_pb_text _builder_version=&#8220;4.27.2&#8243; _module_preset=&#8220;90281459-083d-408a-ae7e-f5a89504498b&#8220; header_font=&#8220;ABeeZee||||||||&#8220; header_2_font=&#8220;ABeeZee||||||||&#8220; header_2_text_color=&#8220;#000000&#8243; header_2_font_size=&#8220;38px&#8220; custom_margin=&#8220;||10px||false|false&#8220; global_colors_info=&#8220;{}&#8220;]<\/p>\n<h2>Portrait<\/h2>\n<p>[\/et_pb_text][et_pb_text _builder_version=&#8220;4.27.2&#8243; _module_preset=&#8220;618aa149-ab79-42d6-8284-35bd42fe7ae0&#8243; global_colors_info=&#8220;{}&#8220;]<\/p>\n<p>Ich finde mit Hundeportraits l\u00e4sst sich der Charakter am besten abbilden. Das sind dann die Fotos wo auch mal jemand sagt &#8222;ach, ist der s\u00fc\u00df&#8220;. Bei Action Aufnahmen passiert das eher seltener, ist jedoch auch nicht der Sinn von Hunden in Aktion.<\/p>\n<p>Portraitfotos von Hunden haben auch etwas Besonderes, weil man sich noch n\u00e4her bei seinem Liebling f\u00fchlt.<\/p>\n<p>[\/et_pb_text][\/et_pb_column][et_pb_column type=&#8220;1_3&#8243; _builder_version=&#8220;4.20.0&#8243; _module_preset=&#8220;default&#8220; background_color=&#8220;RGBA(255,255,255,0)&#8220; link_option_url=&#8220;#&#8220; box_shadow_style=&#8220;preset4&#8243; box_shadow_horizontal=&#8220;0px&#8220; box_shadow_vertical=&#8220;0px&#8220; box_shadow_color=&#8220;#F9F9F9&#8243; global_colors_info=&#8220;{}&#8220; background_color__hover=&#8220;#F9F9F9&#8243; background__hover_enabled=&#8220;on|hover&#8220; box_shadow_spread__hover=&#8220;20px&#8220; box_shadow_spread__hover_enabled=&#8220;on|hover&#8220; background_enable_color__hover=&#8220;on&#8220;][et_pb_image src=&#8220;https:\/\/www.berndis.com\/hundefotografie\/wp-content\/uploads\/2024\/10\/photographer-icon-05.png&#8220; title_text=&#8220;photographer-icon-05&#8243; _builder_version=&#8220;4.27.2&#8243; _module_preset=&#8220;default&#8220; global_colors_info=&#8220;{}&#8220;][\/et_pb_image][et_pb_text _builder_version=&#8220;4.27.2&#8243; _module_preset=&#8220;90281459-083d-408a-ae7e-f5a89504498b&#8220; header_2_font=&#8220;ABeeZee||||||||&#8220; header_2_font_size=&#8220;38px&#8220; custom_margin=&#8220;||10px||false|false&#8220; global_colors_info=&#8220;{}&#8220;]<\/p>\n<h2>Unterwegs<\/h2>\n<p>[\/et_pb_text][et_pb_text _builder_version=&#8220;4.27.2&#8243; _module_preset=&#8220;618aa149-ab79-42d6-8284-35bd42fe7ae0&#8243; global_colors_info=&#8220;{}&#8220;]<\/p>\n<p>Das spannende an Bildern, die man &#8222;mal so unterwegs macht&#8220;, ist, dass man oft nicht wei\u00df was man erleben wird und es am besten ist keine konkrete Erwartungshaltung zu haben. Oft entstehen wundersch\u00f6ne Hundebilder, die man so nie h\u00e4tte planen k\u00f6nnen.<\/p>\n<p>Dann gilt es permanent wachsam zu sein und vor allem sein Equipment zu beherrschen&#8230;<\/p>\n<p>[\/et_pb_text][\/et_pb_column][\/et_pb_row][\/et_pb_section][et_pb_section fb_built=&#8220;1&#8243; admin_label=&#8220;Testimonials&#8220; _builder_version=&#8220;4.27.2&#8243; _module_preset=&#8220;default&#8220; custom_margin=&#8220;-97px||||false|false&#8220; collapsed=&#8220;on&#8220; global_colors_info=&#8220;{}&#8220;][et_pb_row _builder_version=&#8220;4.27.2&#8243; _module_preset=&#8220;default&#8220; border_color_all=&#8220;gcid-e6f8585f-043d-4f05-ad96-fb05b9e45208&#8243; global_colors_info=&#8220;{%22gcid-e6f8585f-043d-4f05-ad96-fb05b9e45208%22:%91%22border_color_all%22%93}&#8220;][et_pb_column type=&#8220;4_4&#8243; _builder_version=&#8220;4.20.0&#8243; _module_preset=&#8220;default&#8220; global_colors_info=&#8220;{}&#8220;][et_pb_icon font_icon=&#8220;&#xe00f;||divi||400&#8243; icon_color=&#8220;#000000&#8243; icon_width=&#8220;56px&#8220; _builder_version=&#8220;4.27.2&#8243; _module_preset=&#8220;default&#8220; global_colors_info=&#8220;{}&#8220;][\/et_pb_icon][et_pb_post_slider include_categories=&#8220;all&#8220; orderby=&#8220;date_asc&#8220; more_text=&#8220;zum Beitrag &#8220; use_bg_overlay=&#8220;off&#8220; use_text_overlay=&#8220;on&#8220; text_overlay_color=&#8220;rgba(135,135,135,0.4)&#8220; _builder_version=&#8220;4.27.2&#8243; _module_preset=&#8220;default&#8220; global_colors_info=&#8220;{}&#8220;][\/et_pb_post_slider][\/et_pb_column][\/et_pb_row][\/et_pb_section]<\/p>\n","protected":false},"excerpt":{"rendered":"<p>Warum Fotos von Deinem Hund? Weil es ganz einfach unvergessliche Momente sind! Mich haben in 34 Jahren insgesamt 6 Hunde direkt begleitet. Manche waren viel l\u00e4nger da als erwartet, wie z.B. &#8222;Ivanhoe&#8220;, ein Irish Wolfhound, der 11,5 Jahre alt wurde &#8211; Respekt!! Auf der anderen Seite hat mich mein Mini Australian Sheperd &#8222;Scotty&#8220; bereits mit [&hellip;]<\/p>\n","protected":false},"author":1,"featured_media":0,"parent":0,"menu_order":0,"comment_status":"closed","ping_status":"closed","template":"","meta":{"_et_pb_use_builder":"on","_et_pb_old_content":"","_et_gb_content_width":"","footnotes":""},"class_list":["post-145","page","type-page","status-publish","hentry"],"_links":{"self":[{"href":"https:\/\/www.berndis.com\/hundefotografie\/wp-json\/wp\/v2\/pages\/145","targetHints":{"allow":["GET"]}}],"collection":[{"href":"https:\/\/www.berndis.com\/hundefotografie\/wp-json\/wp\/v2\/pages"}],"about":[{"href":"https:\/\/www.berndis.com\/hundefotografie\/wp-json\/wp\/v2\/types\/page"}],"author":[{"embeddable":true,"href":"https:\/\/www.berndis.com\/hundefotografie\/wp-json\/wp\/v2\/users\/1"}],"replies":[{"embeddable":true,"href":"https:\/\/www.berndis.com\/hundefotografie\/wp-json\/wp\/v2\/comments?post=145"}],"version-history":[{"count":114,"href":"https:\/\/www.berndis.com\/hundefotografie\/wp-json\/wp\/v2\/pages\/145\/revisions"}],"predecessor-version":[{"id":654,"href":"https:\/\/www.berndis.com\/hundefotografie\/wp-json\/wp\/v2\/pages\/145\/revisions\/654"}],"wp:attachment":[{"href":"https:\/\/www.berndis.com\/hundefotografie\/wp-json\/wp\/v2\/media?parent=145"}],"curies":[{"name":"wp","href":"https:\/\/api.w.org\/{rel}","templated":true}]}}